{"id":26,"date":"2024-05-05T14:15:57","date_gmt":"2024-05-05T12:15:57","guid":{"rendered":"http:\/\/www.aks-metzingen.eu\/aks\/?page_id=26"},"modified":"2025-05-14T21:29:24","modified_gmt":"2025-05-14T19:29:24","slug":"mitglied-werden","status":"publish","type":"page","link":"https:\/\/www.aks-metzingen.eu\/aks\/mitglied-werden\/","title":{"rendered":"Mitglied werden"},"content":{"rendered":"<p>Das Formular zur <span style=\"text-decoration: underline;\"><a title=\"Beitrittserkl\u00e4rung\" href=\"http:\/\/www.aks-metzingen.eu\/aks\/files\/Beitrittserkl\u00e4rung.pdf\" target=\"_blank\" rel=\"noopener\">Beitrittserkl\u00e4rung<\/a><\/span> k\u00f6nnen Sie sich hier als&nbsp;<span style=\"text-decoration: underline;\"><a title=\"Beitrittserkl\u00e4rung\" href=\"http:\/\/www.aks-metzingen.eu\/aks\/files\/Beitrittserkl\u00e4rung.pdf\" target=\"_blank\" rel=\"noopener\">pdf-Dokument<\/a><\/span>&nbsp;herunterladen, ebenso eine <span style=\"text-decoration: underline;\"><a title=\"Einzugserm\u00e4chtigung\" href=\"http:\/\/www.aks-metzingen.eu\/aks\/files\/Einzugserm\u00e4chtigung.pdf\" target=\"_blank\" rel=\"noopener\">Einzugserm\u00e4chtigung<\/a><\/span>.<\/p>\n<p>Mit dem Beitritt zum Arbeitskreis Stadtgeschichte erkl\u00e4ren Sie sich mit den <a href=\"https:\/\/www.aks-metzingen.eu\/aks\/files\/AKS-Satzung 28.11.24 (04.04.25).pdf\" target=\"_blank\" rel=\"noopener\"><span style=\"text-decoration: underline;\">Vereinsstatuten<\/span><\/a> einverstanden, die Sie sich hier als&nbsp;<span style=\"text-decoration: underline;\"><a title=\"Vereinsstatuten\" href=\"https:\/\/www.aks-metzingen.eu\/aks\/files\/AKS-Satzung 28.11.24 (04.04.25).pdf\" target=\"_blank\" rel=\"noopener\">pdf-Dokument<\/a><\/span>&nbsp;anschauen und ausdrucken k\u00f6nnen.<\/p>\n<p>Der Mitgliedsbeitrag im Arbeitskreis Stadtgeschichte betr\u00e4gt:<br \/>\n&#8211; Einzelmitglieder: 15,00 \u20ac\/Jahr<br \/>\n&#8211; Familienbeitrag: 20,00 \u20ac\/Jahr<br \/>\nSie k\u00f6nnen die Mitgliedschaft bis sp\u00e4testens drei Monate vor Ablauf eines Gesch\u00e4ftsjahres schriftlich k\u00fcndigen.<\/p>\n<p>Mitgliedsbeitr\u00e4ge per Bankeinzug auf folgendes Konto:<br \/>\nBLZ:&nbsp; 640 912 00 Volksbank Ermstal-Alb Kto:&nbsp; 201 860 007<br \/>\n(BIC: GENODES1MTZ, IBAN: DE09 6409 1200 0201 8600 07)<\/p>\n<p>\u00dcberweisungen auch auf Konto:<br \/>\nBLZ:&nbsp; 640 500 00 Kreissparkasse in Metzingen Kto:&nbsp; 952 440<br \/>\n(BIC: SOLADES1REU, IBAN: DE92 6405 0000 0000 9524 40)<br \/>\nBitte vergessen Sie Ihren Namen und Ihre genaue Anschrift nicht!<\/p>\n<p>Bitte senden Sie das ausgef\u00fcllte Formular an:<\/p>\n<p>Arbeitskreis Stadtgeschichte Metzingen<br \/>\nAm Klosterhof 13<br \/>\n72555 Metzingen<\/p>\n<p>Wir werden Ihnen umgehend eine Best\u00e4tigung des Eingangs ihrer Anmeldung zukommen lassen.<\/p>\n<p>Herzlichen Dank f\u00fcr Ihr Interesse<\/p>\n<p>&nbsp;<\/p>\n","protected":false},"excerpt":{"rendered":"<p>Das Formular zur Beitrittserkl\u00e4rung k\u00f6nnen Sie sich hier als&nbsp;pdf-Dokument&nbsp;herunterladen, ebenso eine Einzugserm\u00e4chtigung. Mit dem Beitritt zum Arbeitskreis Stadtgeschichte erkl\u00e4ren Sie sich mit den Vereinsstatuten einverstanden, die Sie sich hier als&nbsp;pdf-Dokument&nbsp;anschauen und ausdrucken k\u00f6nnen. Der Mitgliedsbeitrag im Arbeitskreis Stadtgeschichte betr\u00e4gt: &#8211; &hellip; <a href=\"https:\/\/www.aks-metzingen.eu\/aks\/mitglied-werden\/\">Weiterlesen <span class=\"meta-nav\">&rarr;<\/span><\/a><\/p>\n","protected":false},"author":1,"featured_media":0,"parent":0,"menu_order":4,"comment_status":"closed","ping_status":"closed","template":"","meta":{"ngg_post_thumbnail":0,"footnotes":""},"class_list":["post-26","page","type-page","status-publish","hentry"],"_links":{"self":[{"href":"https:\/\/www.aks-metzingen.eu\/aks\/wp-json\/wp\/v2\/pages\/26","targetHints":{"allow":["GET"]}}],"collection":[{"href":"https:\/\/www.aks-metzingen.eu\/aks\/wp-json\/wp\/v2\/pages"}],"about":[{"href":"https:\/\/www.aks-metzingen.eu\/aks\/wp-json\/wp\/v2\/types\/page"}],"author":[{"embeddable":true,"href":"https:\/\/www.aks-metzingen.eu\/aks\/wp-json\/wp\/v2\/users\/1"}],"replies":[{"embeddable":true,"href":"https:\/\/www.aks-metzingen.eu\/aks\/wp-json\/wp\/v2\/comments?post=26"}],"version-history":[{"count":28,"href":"https:\/\/www.aks-metzingen.eu\/aks\/wp-json\/wp\/v2\/pages\/26\/revisions"}],"predecessor-version":[{"id":4430,"href":"https:\/\/www.aks-metzingen.eu\/aks\/wp-json\/wp\/v2\/pages\/26\/revisions\/4430"}],"wp:attachment":[{"href":"https:\/\/www.aks-metzingen.eu\/aks\/wp-json\/wp\/v2\/media?parent=26"}],"curies":[{"name":"wp","href":"https:\/\/api.w.org\/{rel}","templated":true}]}}